uppose 0 = -8*p + 5*p + 2*n + 98, -4*n + 134 = 5*p. Suppose -4*v - 2*y + 226 = -0*y, 0 = -4*v + 2*y + 214. What is the remainder when v is divided by p?
25
Let z be 1 - 20 - (-3 + -15)/(-6). Suppose -4*k = 7 - 3. What is the remainder when 53 is divided by (z/(-4) + k)*6?
26
Suppose 2*a = -3*p + 85 + 76, -5*p = -a + 48. Let t = 112 - a. Calculate the remainder when t is divided by 15.
9
Let s = -18 + 31. Suppose -3*b + 4 - s = 0. What is the remainder when 12 is divided by 3*7*(-1)/b?
5
Suppose 37 = 4*l + 13. Suppose -2*w - 80 = -l*w. What is the remainder when w is divided by 11?
9
Let z(u) = 34*u**2 + 2*u + 3. Let j be z(2). Let o = j - 120. What is the remainder when 87 is divided by o?
18
Suppose 3*m - 4*u - 192 = 0, m - 17*u = -18*u + 64. What is the remainder when 1022 is divided by m?
62
Let l = 98 + -103. Let i(h) = 14*h**3 - 3*h**2 + 2*h + 1. What is the remainder when i(2) is divided by (-4 + 16/l)/((-2)/5)?
15
Let w = -16 + 40. Let p = w + -2. Let i(c) = -15*c + 5. Calculate the remainder when i(-4) is divided by p.
21
Let h = -1831 - -1897. What is the remainder when h is divided by 23?
20
Let x be 15*-5*2/(-10). What is the remainder when 64 is divided by (66/(-8))/(x/(-40))?
20
Suppose 880 + 624 = 8*y. What is the remainder when y is divided by 38?
36
Let p be (-4)/(-1 - -5) + -67. What is the remainder when (-92)/(-3) - (-4)/(-6) is divided by (-3)/(-2)*p/(-6)?
13
Suppose 0 = 4*d - b - 390, 202 = 5*d - 3*d - 4*b. What is the remainder when 112 is divided by d?
15
Suppose -5*d + l + 3*l + 150 = 0, 5*l = 3*d - 90. Let z(g) = -g**3 + 5*g**2 - 4*g. Let t be z(3). What is the remainder when 115 - 2*(-9)/t is divided by d?
28
Let o(l) = 7*l - 328. Calculate the remainder when 56 is divided by o(49).
11
Suppose -105 = -5*g + 3*a, -g + 5*a = 4*g - 115. Let o(f) = -16*f - 10. What is the remainder when o(-5) is divided by g?
16
Let h(n) = -9*n + 7. Calculate the remainder when 92 is divided by h(-1).
12
Suppose 27*v = 31*v - 8. Suppose v*g - 17 = -1. Suppose -q = -3 - 10. What is the remainder when q is divided by g?
5
Let r = -129 - -153. Let l(g) = -g + 2. Let h be l(-3). Suppose -h*o = 112 - 467. Calculate the remainder when o is divided by r.
23
What is the remainder when (-1)/2*(0 - 310) is divided by ((-144)/80)/(-3 + (-576)/(-195))?
38
Suppose 0*r + 2*r - 5*n - 62 = 0, 4*r = 3*n + 96. Let b be 1/5*0*1. Suppose -7*q + 131 + 156 = b. Calculate the remainder when q is divided by r.
20
Suppose -2*m = 2*j + 102, 62 = -2*j + 2*m - 40. Let a = j + 65. Let x = 3 - -1. Calculate the remainder when a is divided by x.
2
Suppose -197 = -2*w - 45. Let q(l) = -l - 2. Let s be q(-7). Suppose s*u - u = w. What is the remainder when 73 is divided by u?
16
Let n(j) = -j**3 + 8*j**2 - 2*j + 5. Let w(u) = u**2 + 2*u. Let t be w(-4). Let g be n(t). Let v = 86 + g. Calculate the remainder when v is divided by 26.
23
Suppose 13*g = 604 + 1294. Calculate the remainder when g is divided by 50.
46
Let z(x) = -x**3 - x**2 + x + 4. Let h be z(0). Let d(c) = 32*c + 6. What is the remainder when d(h) is divided by 34?
32
Suppose -5*g + 2 = -3, 0 = p + 4*g - 18. What is the remainder when 34 is divided by p?
6
Calculate the remainder when (140/15)/(((-33)/(-9))/11) is divided by 12.
4
Let o(w) = -69*w - 550. Calculate the remainder when 88 is divided by o(-9).
17
Suppose 10 = -0*j + 5*j. Suppose -k = j*k - 33. Calculate the remainder when 54 is divided by k.
10
Suppose -4*x + 11 = -9. Suppose -x*w + 25 - 141 = -3*z, -10 = -2*w. Calculate the remainder when z is divided by 10.
7
Let t = 86 - 2. Let a = t - 40. Suppose 3*s + 2*s = 75. Calculate the remainder when a is divided by s.
14
Calculate the remainder when (0 + 564)/((-84)/(-56)) is divided by 63.
61
Suppose 4*z - 2*z = 10, -4*i - 111 = 5*z. Let s = i - -55. What is the remainder when 125 is divided by s?
20
Let i(k) = -21*k - 23. Let l be (-1)/4 - (-5)/20. Suppose l = -4*d + 2*b + 226, d - b - 3*b - 74 = 0. Calculate the remainder when d is divided by i(-2).
16
Suppose -272 = 2*b + 2*b. Let f = b - -138. Calculate the remainder when f is divided by 24.
22
Let p = -2 - 1. Let u be (3 + -5)/(2/p). Suppose 0 = u*a - 51 - 0. What is the remainder when 49 is divided by a?
15
Let s(x) = x**3 - 24*x**2 + 24*x - 18. Calculate the remainder when 67 is divided by s(23).
2
Suppose o - k + 1 = 5, k + 4 = 4*o. Suppose 5*l + 4*b = -75, -15 = l + 3*b - o. Calculate the remainder when (12/9)/((-2)/l) is divided by 6.
4
Let m = 110 - 41. Let r(y) = -4*y**2 + y - 1. Let z be r(1). Calculate the remainder when m is divided by -10*z/50*45.
33
Suppose 4*v - 3*m = -33, 5*v + 12 = -5*m - 3. Let d(t) = -t**3 - 5*t**2 + 3*t + 1. What is the remainder when d(v) is divided by 6?
1
Let i(z) = z**3 - 6*z**2 + 4*z + 9. Let j be i(5). Suppose -j*a + 49 = -95. Calculate the remainder when a is divided by 20.
16
Let j(y) = -11*y - 55. What is the remainder when j(-13) is divided by 13?
10
Suppose 0*s - 245 = 5*s + 3*t, 4*t - 245 = 5*s. Let n = -5 - s. What is the remainder when n is divided by 24?
20
Let i = -35 + 37. Suppose 2*c - 5*b = 35, -c - 4 = i*b - 17. Calculate the remainder when 56 is divided by c.
11
Suppose -d + 97 = k - 34, 3*d - 5*k - 409 = 0. Calculate the remainder when d is divided by 34.
31
Suppose 0 = -m + 2*k + 3*k + 62, -m - 5*k + 22 = 0. Let q = -242 - -245. What is the remainder when 165 + 3 - (-4)/((-4)/q) is divided by m?
39
Suppose 1310 = 69*c - 59*c. Calculate the remainder when c is divided by 37.
20
Let o = -1690 - -1822. What is the remainder when o is divided by 76?
56
Let h be ((-3)/4 + 0)*-4. What is the remainder when 243/(-9)*(-8)/h is divided by 37?
35
Let z(w) = 62*w - 90. What is the remainder when 55 is divided by z(2)?
21
Suppose 2*o - 4*x = 0, 2*x - 5 = -4*o + 25. Suppose -5*f + o = -9. Calculate the remainder when 14 is divided by f.
2
Suppose -5*q - 433 = 3*u - u, 0 = 3*u + 12. Let i = q - -104. Calculate the remainder when 130 is divided by i.
16
Suppose n + 0*g + 2*g = 84, 5*g - 20 = 0. Calculate the remainder when n is divided by 11.
10
Let j(z) = -2*z**2 - 52*z - 70. What is the remainder when 158 is divided by j(-24)?
2
Suppose 4*b - 3*x + 6*x - 242 = 0, 5*b - 303 = -4*x. Let r(f) = -2*f + 16. Calculate the remainder when b is divided by r(0).
11
Let p(n) = n**3 + 12*n**2 - 26*n - 134. What is the remainder when p(-13) is divided by 22?
13
Let i be (-2*3 + 2)*(-2)/4. What is the remainder when (i/(-4))/((-5)/450) + 0 is divided by 16?
13
What is the remainder when (0 - 17)*((-48)/12 + -3) is divided by 62?
57
Let g = 87 + -79. Suppose 26 = 2*u - u. Calculate the remainder when u is divided by g.
2
Let g = -26 - -28. Suppose g*v = 5*t + 28, 4*v = 3*t + t + 20. What is the remainder when 51 is divided by 52/10*(-15)/t?
12
Let x = 34 - 11. Suppose -18 - x = -c + 5*z, 0 = -3*c + z + 53. What is the remainder when c is divided by 6?
4
Let n(o) = -2*o**2 + 6*o - 10. Let m be n(4). What is the remainder when 344/9 + (-2)/9 is divided by -1*((-4)/m + 184/(-18))?
8
Suppose -135*v = -149*v + 714. What is the remainder when v is divided by 11?
7
Suppose 221*i + 3*m = 223*i - 10, 2*m = -4. Suppose -13 = -3*k + 5. Calculate the remainder when k is divided by i.
0
Let g be ((-2)/1 - -4)*1. Suppose -u - g = -2*u. Suppose 3*d - 4*w = 97 - u, -2*d + 60 = -w. Calculate the remainder when d is divided by 6.
5
Calculate the remainder when 38 is divided by (-1 - -3)/((-14)/(-140)).
18
Suppose 0 = -7*p + 20 + 85. Let z = 11 - 8. Calculate the remainder when p is divided by z.
0
Suppose -5*f - 2*v + 4*v - 81 = 0, 0 = -f - 3*v - 23. Let a = 26 + f. What is the remainder when 25 is divided by a?
7
Let w(n) = 88*n**2 - n + 1. What is the remainder when w(1) is divided by ((-8)/28 - 6/28)*-46?
19
Let o(m) = 6*m - 36. Let p be o(6). Suppose -g - 3*g - 101 = -x, p = 2*x - 3*g - 187. Calculate the remainder when x is divided by 45.
44
Let q(r) = 5*r - 22. Let s be q(7). Suppose s*h + 99 = 16*h. Calculate the remainder when h is divided by 18.
15
Let h(u) = 23*u**3 + u**2 - 6*u + 4. What is the remainder when h(1) is divided by 5?
2
Suppose -a - 47 = 4*a + v, 4*a = 4*v - 52. What is the remainder when (-848)/a - (-1)/5 is divided by ((-2)/2)/(6/(-174))?
27
Let l = 176 - 79. Suppose 5*h + 0*h - 125 = 0. Calculate the